{"id":2,"date":"2018-08-06T08:30:34","date_gmt":"2018-08-06T07:30:34","guid":{"rendered":"https:\/\/strojni-soucasti.davidservis.cz\/?page_id=2"},"modified":"2022-10-04T13:04:38","modified_gmt":"2022-10-04T11:04:38","slug":"sample-page","status":"publish","type":"page","link":"https:\/\/strojni-soucasti.davidservis.cz\/","title":{"rendered":"\u00davodn\u00ed str\u00e1nka"},"content":{"rendered":"","protected":false},"excerpt":{"rendered":"","protected":false},"author":1,"featured_media":0,"parent":0,"menu_order":0,"comment_status":"closed","ping_status":"closed","template":"page-templates\/homepage.php","meta":{"footnotes":""},"acf":[],"_links":{"self":[{"href":"https:\/\/strojni-soucasti.davidservis.cz\/index.php?rest_route=\/wp\/v2\/pages\/2"}],"collection":[{"href":"https:\/\/strojni-soucasti.davidservis.cz\/index.php?rest_route=\/wp\/v2\/pages"}],"about":[{"href":"https:\/\/strojni-soucasti.davidservis.cz\/index.php?rest_route=\/wp\/v2\/types\/page"}],"author":[{"embeddable":true,"href":"https:\/\/strojni-soucasti.davidservis.cz\/index.php?rest_route=\/wp\/v2\/users\/1"}],"replies":[{"embeddable":true,"href":"https:\/\/strojni-soucasti.davidservis.cz\/index.php?rest_route=%2Fwp%2Fv2%2Fcomments&post=2"}],"version-history":[{"count":54,"href":"https:\/\/strojni-soucasti.davidservis.cz\/index.php?rest_route=\/wp\/v2\/pages\/2\/revisions"}],"predecessor-version":[{"id":159,"href":"https:\/\/strojni-soucasti.davidservis.cz\/index.php?rest_route=\/wp\/v2\/pages\/2\/revisions\/159"}],"wp:attachment":[{"href":"https:\/\/strojni-soucasti.davidservis.cz\/index.php?rest_route=%2Fwp%2Fv2%2Fmedia&parent=2"}],"curies":[{"name":"wp","href":"https:\/\/api.w.org\/{rel}","templated":true}]}}